7 - 0). What is the highest common factor of y and 272?
16
Suppose 4*f - 14 = 2*n, -f + 182 - 180 = 0. Let a = 10 + -10. Let k be a*n/(-9) - -265. Calculate the greatest common divisor of k and 53.
53
Let t(h) = -446*h + 4816. Let g be t(5). Calculate the highest common factor of 60 and g.
6
Let r(a) = 13*a - 3. Suppose 5*w - 29 = -4*d, 2*d + 8*w = 10*w - 8. Let o be r(d). Let b = 76 + -46. What is the greatest common divisor of b and o?
10
Let l(f) = f**2 + 13*f + 18. Let d be l(-12). Suppose -374 = -22*z + 18 + 1390. What is the highest common factor of z and d?
3
Let v(i) = 407*i**2 + 1269*i - 6333. Let z be v(5). What is the greatest common factor of z and 334?
167
Let i be (14/(-35))/(7/245). Suppose -4*a + 3*d - 31 = 0, -4*a - d + 9 = -5*a. Let m be (8/a)/4 - i/4. Calculate the highest common factor of m and 2.
1
Suppose -469 = -25*r + 468 - 312. What is the highest common factor of 8975 and r?
25
Suppose -5 = -6*t + 103. Suppose -169 = -t*u - 7. Calculate the greatest common factor of u and 171.
9
Let l = -5711 + 6879. What is the greatest common factor of 4 and l?
4
Suppose -m + 251 = -5*a - 1018, 2*m + 2*a - 2466 = 0. What is the highest common divisor of m and 168?
21
Suppose 0 = -2*x - 2*u + 220, 189*x + 442 = 193*x + 5*u. Calculate the greatest common factor of x and 513.
27
Let j be -12*(-7)/(21/10). Let w(n) = n**2 + 4*n - 5. Let g be w(-4). Let u be (1 - g) + (-4)/4. Calculate the greatest common divisor of u and j.
5
Let v = -2593 + 2599. Calculate the highest common divisor of 3864 and v.
6
Suppose 0 = -5*r + v + 206, 5*v + 22 = -0*r + r. Suppose 0*f + 3 = f. Suppose -4*w + r = -f*w. What is the greatest common factor of w and 28?
14
Let d be 40/(0 + (-4)/(-38)). Suppose 31*i = 29*i + d. Calculate the greatest common factor of 20 and i.
10
Let p(q) = -q + 20. Let g be p(-51). Calculate the greatest common divisor of 2059 and g.
71
Suppose -3*z = n - 200, 0 = -4*z + 23 - 39. Calculate the highest common factor of n and 36.
4
Let z(h) = h**3 + 23*h**2 + 14*h - 246. Let b be z(-21). What is the greatest common divisor of b and 7011?
171
Let z be (-15)/(-50) - 175/2250 - 394/(-9). Let o(r) = -154*r**3 - r**2 - r. Let x be o(-1). What is the greatest common divisor of z and x?
22
Suppose -7*s + 6*s - 178 = 0. Let u = s - -186. What is the greatest common divisor of u and 28?
4
Let p be (234/(-30))/(1/(-35)). Suppose 17*z + 148 = 505. Calculate the greatest common divisor of p and z.
21
Let l = 45 + -42. Suppose l*k - k = 5*d + 130, -5*k + 3*d = -306. Suppose k*f - 59*f = 21. Calculate the highest common divisor of 14 and f.
7
Let d be -4*(-219)/(-9)*2*(-30)/20. Calculate the greatest common factor of 73 and d.
73
Let i = -4 + 8. Suppose -2*l - 54 = -i*d, -d + 2*l = -0*l - 9. Let w be 41/(369/54) - (1 + -3)/(-2). What is the highest common factor of d and w?
5
Suppose -154 = 10595*q - 10606*q. Suppose -23*u = -24*u + 28. What is the greatest common factor of q and u?
14
Let u(v) = 4*v**2 - 488*v - 3450. Let x be u(-7). Calculate the highest common factor of x and 4455.
81
Suppose 0 = -4*c - 24*v + 21*v + 50, 8 = -4*v. Calculate the highest common divisor of 994 and c.
14
Let a = -61 - 9. Let l = 73 + a. Suppose m - 317 = -5*z - l*m, -75 = -z + 5*m. Calculate the greatest common factor of z and 13.
13
Let a = -33 + 43. Suppose -7*o = -a*o + 1005. Suppose 1143 = 5*f + 3*y + 308, o = 2*f + y. What is the greatest common divisor of f and 68?
34
Let r = 6734 + -6602. What is the highest common factor of 2563 and r?
11
Suppose -2142 = -23*d - 17*d - 11*d. Calculate the highest common divisor of 525 and d.
21
Suppose 0 = 156*k - 12360 - 11976. Calculate the highest common factor of k and 60.
12
Let q(j) = j + 190. Let t be q(0). Let l(s) = 2*s + 76. Let o be l(22). Suppose -o = -109*x + 97*x. Calculate the greatest common factor of x and t.
10
Let h = -105 - -120. Suppose 20 = 2*t - 20. Calculate the highest common factor of t and h.
5
Suppose 192 - 75 = 13*l. Let n(i) = -3*i**3 + 3*i + 1. Let r be n(2). Let x = 1 - r. Calculate the greatest common factor of l and x.
9
Let u be ((-204)/(-8))/(5/(-10)). Let o = u + 66. Let p be o/(-45)*(-626 + (-2)/2). What is the greatest common divisor of p and 19?
19
Let u(a) = -5*a**2 - 3*a - 1. Let g be u(-2). Let q be (-64)/3*g/4. Let t = -46 + q. Calculate the greatest common factor of t and 34.
34
Suppose -5*h = -17*h - 7848. Let t = h + 686. Calculate the greatest common divisor of 208 and t.
16
Suppose -24 = -9*u + 3. Suppose -5*w + 2*x + 2 = -18, 4*x + 12 = u*w. Calculate the highest common factor of 20 and w.
4
Let c(f) = 11*f - 9 + 6*f**2 + 1 - 2*f**2. Let x be c(-4). Suppose l + 2*s - 6*s - 120 = 0, -2*l - s = -240. Calculate the highest common factor of x and l.
12
Suppose 79*s = 83*s - 4156. Suppose 473 + s = 36*d. What is the greatest common factor of 63 and d?
21
Let j = 12230 - 11337. What is the highest common factor of j and 95?
19
Let h = 24 + -19. Suppose 0 = -2*n + h*x + 246, -5*n + x = -167 - 402. Let q = -65 + n. Calculate the highest common divisor of q and 16.
16
Suppose -15*l + 11043 + 11731 = 5089. What is the highest common factor of 9 and l?
9
Let m(h) = 27 - 12 + 9 + 5 + h + 3. Let i be m(-24). Calculate the greatest common divisor of 72 and i.
8
Let x = -33616 + 47283. What is the greatest common factor of x and 173?
173
Let b = -11 + 128. Let a = -34383 + 34422. Calculate the greatest common factor of b and a.
39
Let f(s) = -6*s + 50. Let i be (39/15 + -2)*50/2. Let z be 45/(-6) + -2 + i/6. Let t be f(z). What is the greatest common factor of 230 and t?
46
Let f be 2 - 146/(-24) - (-45)/(-540). What is the highest common factor of 66 and f?
2
Suppose 4144 + 1951 = 5*k. Let b(m) = -m**3 + 8*m**2 + 1527*m - 6119. Let z be b(4). Calculate the greatest common factor of z and k.
53
Suppose 0*h = 6*h - 12. Suppose 5*k = r + 6*k - 181, -h*k = -6. Suppose 77 + r = 5*w. What is the highest common factor of w and 204?
51
Let y = -764 + 158. Let x = -484 - y. What is the highest common divisor of 183 and x?
61
Suppose 158 - 930 = -2*x + 5*c, 2*c = 4*x - 1528. Calculate the highest common divisor of 1397 and x.
127
Let z = -615 + 639. Suppose 4*k = 3*d + 139 - 924, -4*d + 3*k + 1042 = 0. Suppose 0 = -i + 1 - 0, 0 = n - 5*i - d. What is the highest common factor of z and n?
24
Let c = -124 - -123. Let v be (c - (-18)/6)*1. Calculate the highest common factor of 32 and v.
2
Suppose 3*j = 5*n - 97, j - 34 = -33. Calculate the greatest common factor of 7720 and n.
20
Let u = -100 + 97. Let n be (u - 0)/((84/(-12))/525). What is the greatest common divisor of n and 45?
45
Suppose -11*c = -6*c - 5*q - 190, -182 = -4*c - 2*q. Calculate the highest common factor of 8342 and c.
43
Suppose 5*u - 41377 = 4*g - 180455, 4*u = 5*g - 173843. What is the highest common divisor of 9 and g?
9
Let p(y) = -3*y**2 + 26*y + 10. Let i(u) = 3*u**2 - 27*u - 9. Let c(t) = 2*i(t) + 3*p(t). Let n be c(8). Calculate the greatest common divisor of n and 96.
12
Let p = -54 + 241. Let t(i) = -i**2 + 16*i - 8. Let k be t(12). Suppose 4*f - 64 = 2*s, -7*f - 3*s + k = -5*f. Calculate the highest common divisor of p and f.
17
Let t = 273 - 273. Let s be (-92)/115 + (289/5 - t). What is the greatest common factor of 38 and s?
19
Let x(c) = -193*c + 1884. Let r be x(7). What is the highest common divisor of r and 13?
13
Suppose -38*j + 11740 = 4900. What is the greatest common divisor of 16 and j?
4
Let c(b) = 117 + 65*b - 125*b + 80*b + 63. Let f be c(-7). Suppose 0 = 3*w - 0*w - 48. Calculate the highest common factor of w and f.
8
Let f = -2939 + 2941. What is the highest common factor of 30 and f?
2
Let w = 101 + 131. Let n = -199 + w. What is the greatest common divisor of 88 and n?
11
Let w(q) = -q**3 + 47*q**2 - 134*q + 106. Let s be w(44). Let t be 2 + (-1 - -2) - -303. What is the greatest common factor of t and s?
18
Let l = -11578 - -11958. What is the highest common divisor of 950 and l?
190
Let k(c) = c**3 - c**2 - 9*c + 11. Let q be k(3). Suppose 2*s - 614 = 20*n - 15*n, -s + 305 = -q*n. Calculate the greatest common factor of 27 and s.
27
Let a(p) = -4*p + 88. Let l be a(0). Let q = l + -55. What is the greatest common divisor of q and 429?
33
Suppose 0 = -3*p + 2*g - g - 17, -2*g + 27 = -5*p. Let a = 